ghest common factor of u and f.
15
Let d be -2 - (-7)/(-21)*-1167. Calculate the greatest common factor of d and 43.
43
Suppose 19*g = 3730 + 1324. Calculate the highest common divisor of 14 and g.
14
Suppose 288*j - 3*k = 290*j - 77, 121 = 4*j - 5*k. Calculate the highest common divisor of j and 2686.
34
Let j(f) be the second derivative of -f**5/20 + 5*f**4/6 - f**3 - 7*f**2/2 - 30*f. Let m be j(9). Calculate the highest common factor of m and 60.
20
Let n = -47 - -93. Let j = n - 33. What is the highest common factor of j and 26?
13
Let r = 146 - 122. What is the highest common factor of r and 3?
3
Let b(n) = n**3 - 4*n**2 + 5*n - 1. Let r be b(4). Let o be (1463/(-28))/(4/(-16)). Calculate the greatest common factor of o and r.
19
Let a be 3/((11/((-55)/(-10)))/30). What is the greatest common factor of 1125 and a?
45
Let y = -218 - -250. What is the highest common factor of 32 and y?
32
Let k(z) = -45*z - 6. Let b be k(-14). Calculate the greatest common divisor of b and 39.
39
Suppose 2*v + 21 = 3*v. Suppose -5*p = 20 - 440. Calculate the highest common divisor of v and p.
21
Suppose 2*f - 7*f = 5*y - 40, -3*y = -3*f + 12. Calculate the highest common factor of 102 and f.
6
Suppose 7*y - 2*y = 3*o + 243, -3*y = -3*o - 147. What is the greatest common factor of 60 and y?
12
Let y = -48731 + 48821. Suppose 2*t - 2 = 2. Let q be (1 + -19)*(-1)/t. Calculate the highest common divisor of y and q.
9
Let f = -12 + 31. What is the greatest common factor of f and 76?
19
Let v = -1742 + 2798. Let t be v/40*(4 - -1). Suppose 0 = -5*u - 4 + 24, u + 8 = m. Calculate the greatest common factor of t and m.
12
Let l = -3 + 7. Let z = 124 + 1. Suppose -c = l*c - z. What is the highest common factor of c and 5?
5
Let x = 1945 + -1925. Calculate the greatest common divisor of x and 750.
10
Suppose 809 + 1729 = 18*h. Suppose -3*k = -h - 759. Suppose g - 6*g = -150. What is the highest common divisor of g and k?
30
Suppose l = -1, q + 3*q + 4 = 4*l. Let j be q/6 + (2188/(-6))/(-2). Calculate the greatest common divisor of j and 26.
26
Suppose -f = -4*c + 3*f + 1904, 0 = 4*c + 3*f - 1918. Suppose -4*t + c = 142. Calculate the greatest common factor of t and 21.
21
Suppose 4*m + 5*z - 10488 = 0, -12*z + 15*z = 2*m - 5244. Calculate the highest common divisor of 46 and m.
46
Suppose 6783 = 5*s + 4*y, 2*s - 24*y + 20*y = 2730. What is the greatest common divisor of s and 18?
9
Let c = 14 - 11. Suppose -c*y + 7*y = -528. Let f be (y/30)/((-2)/5). Calculate the greatest common factor of f and 99.
11
Let c = -2379 + 2390. What is the highest common divisor of c and 418?
11
Let g be (3/2)/((-3)/(-6)). Suppose g*m + 2 = 17. Suppose 0 = o - m - 7. What is the highest common divisor of 30 and o?
6
Suppose 4*y - 40 = -0*y. Let l be 3 - 0*2/y. Calculate the highest common divisor of l and 27.
3
Let l(k) be the first derivative of k**4/4 + k**3 - 8. Let s be l(-3). Suppose s = -3*n + 35 + 10. Calculate the greatest common divisor of 60 and n.
15
Let s be (2/4)/(7/(-126)). Let f(g) = 4 - 5*g + g + 8 - 2*g. Let y be f(s). What is the greatest common divisor of y and 6?
6
Suppose 4*c - v - v = 178, v + 47 = c. What is the highest common factor of c and 273?
21
Let v(p) = -2*p**3 + 1. Let t be v(-1). Suppose -5*n + 78 = -t*n. Let q = n - 12. Calculate the highest common factor of q and 18.
9
Let r(i) = 15*i - 137. Let h be r(11). Let b(m) = -m + 8. Let s be b(-6). What is the greatest common divisor of s and h?
14
Let k(b) = -b**3 - 5*b**2 - b + 5. Let s be k(-5). Suppose 4*i + 45 = 9. Let h be 1/(i/20 + (-11)/(-22)). What is the greatest common divisor of s and h?
10
Let z be (-4)/6 + 454/6. Let u be (-4)/(-10) + 2995/z*6. Calculate the greatest common factor of u and 30.
30
Suppose 836 = 29*h - 7*h. Let m = 9 - -48. Calculate the highest common divisor of h and m.
19
Let t(l) = -26*l**3 + 2*l**2 + l + 1. Let v be 1/(1*(-5)/10). Let f be t(v). Let x be (-8)/(-10)*(-5 + f). What is the greatest common factor of 21 and x?
21
Let k(m) = m**2 + 17*m + 16. Suppose 0 = -0*i + 5*i + 80. Let t be k(i). Let l be t + -4*(-4)/16. What is the greatest common factor of 2 and l?
1
Suppose -3*n + 210 = 4*a - 66, -4*n + 148 = 2*a. Suppose -k = -5, 23*k - 21*k = 2*m - 2. Calculate the highest common divisor of m and a.
6
Suppose 5 + 8 = -4*g + 5*k, 4*g - 3*k = -3. Suppose 93 + 33 = g*x. What is the highest common divisor of 105 and x?
21
Let n = -194 + 202. What is the greatest common factor of 88 and n?
8
Let v = -25 - -15. Let k = v - -14. Let y be 3 + 8 - k/(-2). Calculate the highest common factor of 26 and y.
13
Let x be 0 - (12/4 - 6). Let l = x + -3. Suppose l = -2*v + 20 - 0. What is the greatest common factor of 70 and v?
10
Let c = -89 + 98. Calculate the greatest common factor of c and 279.
9
Suppose 0 = -4*y - 49 + 177. Let c(v) = 4*v**3 + v - 2. Let q be c(2). Calculate the greatest common factor of y and q.
32
Let t be 46/(13/((-273)/(-6))). Calculate the highest common divisor of t and 115.
23
Let j be (-2)/(-4)*(8 + 278). Let r = j + -109. Calculate the greatest common divisor of 153 and r.
17
Let s be -30*-4*1/(-18)*-3. Calculate the greatest common divisor of s and 50.
10
Suppose 0 = -u + 74 - 3. Suppose 0 = -q + u + 55. Calculate the greatest common factor of q and 14.
14
Let g(b) = 12*b - 13. Let o(r) = 3*r - 3. Let t(l) = 6*g(l) - 22*o(l). Let c be t(6). Calculate the highest common divisor of 216 and c.
24
Suppose 162 = 1934*f - 1931*f. What is the highest common divisor of 306 and f?
18
Let h be 960/32*50/4. What is the highest common divisor of h and 15?
15
Suppose -624 = -31*a - 21*a. Let o = 14 - 8. What is the highest common factor of o and a?
6
Suppose 0 = 3*d + d + 40. Let c = 122 + d. What is the greatest common factor of c and 28?
28
Let p = 3 + 2. Suppose u - p*g = -2*u + 21, -u - 1 = g. Suppose 47 = u*b + 3. What is the greatest common factor of b and 33?
11
Suppose -3*y + 2*f = -96, y - 12*f + 17*f - 15 = 0. What is the greatest common factor of 264 and y?
6
Let r = -13 + 33. Let m = r - 17. Let l be 60/7 + ((-216)/63)/(-8). What is the greatest common divisor of m and l?
3
Let y(n) = -34*n + 2. Let f(d) = -d + 1. Let l(j) = -2*f(j) + y(j). Let u be l(-2). Let g = u + -39. Calculate the highest common factor of g and 10.
5
Let k = 333 - -247. Suppose -4*s + 154 = 2*l - 108, 5*s = 5*l - k. Suppose 5 = -4*u + l. What is the greatest common divisor of u and 203?
29
Suppose 3*t = -r + 11, 2*r - t = 4*t. Suppose -6*l + 2*l = 2*h - 40, 0 = -h + 2. Suppose -l*c + 5 = -8*c. Calculate the highest common divisor of c and r.
5
Let m = -527 + 575. What is the greatest common divisor of 1296 and m?
48
Let w(l) = 7*l**2 + 27*l + 1. Let z be w(-6). Calculate the greatest common factor of z and 49.
7
Let w be (-8)/28 + (-920)/(-35). What is the highest common divisor of w and 169?
13
Let l be ((-516)/(-108) - 4/(-18)) + 51. Calculate the greatest common divisor of l and 24.
8
Let r(k) = -9*k + 20. Let p be r(-12). Let m(x) = 7*x - 12. Let t be m(4). What is the greatest common divisor of t and p?
16
Suppose -5 = t + 5*k, -2*t + 2*k - 41 = -67. Calculate the greatest common factor of t and 1310.
10
Suppose -2*q + 17 = -5*j - 3, -q = 2*j - 19. Suppose -3*w + 68 = -22. What is the greatest common factor of w and q?
15
Let u be 0 + 149 - (0 - 1). Let x(q) = 4*q**2 - 9*q + 2. Let g be x(4). What is the greatest common factor of g and u?
30
Suppose -13 + 3 = -2*o. Suppose 3 = -4*x - 0*g - 5*g, 12 = o*x + g. Suppose -x*m + 66 = 18. Calculate the greatest common factor of 96 and m.
16
Let m(t) be the third derivative of 3*t**4 - 11*t**3/6 - 25*t**2. Let s be m(2). What is the highest common factor of s and 7?
7
Let l(a) = -18*a + 16. Let x be l(14). Let d = 381 + x. What is the highest common factor of d and 58?
29
Suppose 168*v = 165*v + 21. What is the highest common divisor of 35 and v?
7
Let l = 165 + -74. Let m = l - 58. What is the highest common divisor of 231 and m?
33
Suppose 3*y + 6 = m + y, 0 = 5*m + 5*y. Suppose c + c + d - 29 = 0, -5*d + 49 = 4*c. Suppose -3*n + 7*n = c. What is the highest common factor of m and n?
2
Suppose -4*k = 3*k - 210. What is the highest common factor of 20 and k?
10
Let m be 227600/560 + (-6)/14. Calculate the greatest common factor of m